 f. Calculate d(-3).
3
Suppose 1 = 3*g - 4*v, 4*g + 7 = -5*v + 29. Let u = -4 + g. Let f = u + 3. Let t(w) = -w**3 + 4*w**2 - 4*w + 3. Give t(f).
3
Let m(l) = 12*l**2 + 13*l + 25. Let p(i) = -5*i**2 - 7*i - 12. Let t(z) = -2*m(z) - 5*p(z). What is t(-9)?
10
Let q(t) = -t**2 + 11*t - 9. Let f(a) = -a + 1. Let x(b) = -5*f(b) - q(b). Suppose 12 = -5*d + 42. Suppose d = u - 0*u. Determine x(u).
4
Let h(g) = 28*g**2 + 4*g. Let m(a) = -7*a**2 - a. Let d(b) = 2*h(b) + 9*m(b). Suppose -f - 3*f = 0. Let i = 1 + f. Give d(i).
-8
Let x(u) be the third derivative of 1/120*u**6 + 0 - 1/2*u**3 - 5/24*u**4 - 1/30*u**5 + 0*u + u**2. Let t(i) = -9*i + 40. Let a be t(4). Calculate x(a).
9
Let z(p) = -236*p - 238*p + 473*p + 2*p**2 + 1. Determine z(2).
7
Let y = 13 + -3. Suppose -4*n - n = -20, f - 2*n = -y. Let r(b) = -b**3 + 0*b**3 - b**2 - 3*b + 2*b. What is r(f)?
6
Let o(j) = -j**2 + j + 2. Let z be o(0). Let m(g) be the third derivative of g**6/120 - g**5/30 - g**4/12 + g**3/2 - 8*g**2. What is m(z)?
-1
Let s be (1/2)/((-3)/(-6)). Let c be (s - (-4)/6)*3. Let k(i) = -5 + c - 4*i + 3 - 5 + i**2. Determine k(3).
-5
Let z(c) = -c**3 - 6*c**2 + c - 1. Let d be z(-6). Let n(v) = v**2 + 8*v. Determine n(d).
-7
Let i(h) = -h - 3. Suppose 11*j + 6 = 9*j. Calculate i(j).
0
Let h(b) = -b**2 + b + 1. Suppose 3*u - 3*g - 24 = 2*g, -3*g = 9. Suppose -a = -2*y + 5, -5*y - a - 20 = u*a. Calculate h(y).
1
Let v = -1 + 7. Let g(b) = 11*b + 5. Let u(a) = 4*a + 2. Let s(k) = v*g(k) - 17*u(k). What is s(-4)?
4
Let n(o) = o. Let v(l) = -2*l + 1. Let p(g) = 5*n(g) + 2*v(g). Let b be ((-4)/5)/((-10)/25). Suppose -12 = b*t + 2*t. What is p(t)?
-1
Let u(z) = -19 - z**3 + 19 + 3*z + 4*z**2 + 2*z**3. What is u(-4)?
-12
Let q(i) = i**3 + 3*i**2 - 1. Let w be q(-1). Let t be ((-1)/w - -3)*1. Let f(a) = -1. Let l(j) = -2*j**2 + j + 5. Let s(z) = 3*f(z) + l(z). Calculate s(t).
-4
Let m(b) = 1 + 59*b - b**2 - 121*b + 58*b. Determine m(-3).
4
Let v(u) = u + 4. Let l be v(0). Suppose 0 = l*r + 2*m, r + 7 = -0*r + 3*m. Let j(g) = 3*g**3 + g + 1. What is j(r)?
-3
Let c = -6 - -10. Let r(z) = 0*z + 2*z - 4*z + 4 - c*z**2 - 1 + z**3. Calculate r(4).
-5
Suppose m = -u + 1, 22 + 1 = -5*m + 2*u. Let k be 4 - (-6)/m - -2. Let a(x) = 4 + 0 - x**2 - k*x - 1 + 0. Calculate a(-5).
-2
Suppose -2*y = -5*y. Let a(t) be the third derivative of -t**2 + 1/20*t**5 - 1/12*t**4 - 1/6*t**3 + 0*t + y. Give a(2).
7
Let a(x) = -x**3 + 6*x**2 - 8. Suppose 0 = 2*r + 2*g - 14, 0 = -4*r + 3*g + 23 - 2. Determine a(r).
-8
Let i(y) be the second derivative of y**4/12 + 2*y**3/3 - 17*y. Determine i(-3).
-3
Let l(k) = -11*k + 0 - 9 - 5*k**2 + 4 - 1. Let h(r) = -r**2 - r. Let y(w) = 6*h(w) - l(w). Let g = 21 + -15. Give y(g).
0
Let h be 4*(-1)/2*-1. Suppose 2*d + 11 = w + d, 0 = h*w + 3*d + 3. Suppose -2*j = -4*j - w. Let p(x) = -x**3 - 3*x**2 - x - 1. Determine p(j).
2
Suppose -2*m - 8 = -6*m. Let r(a) be the second derivative of -2*a + 0 - 1/6*a**3 - 1/2*a**2. What is r(m)?
-3
Let g(i) = 3*i**2 - 3*i + 7. Let r(n) be the second derivative of -n**4/12 + n**3/6 - n**2/2 - 2*n. Let p(l) = -g(l) - 4*r(l). Calculate p(3).
3
Let w(v) be the third derivative of -v**5/60 - v**4/4 - v**3/3 - 9*v**2. Let x be 4/(-14) + (-80)/14. Calculate w(x).
-2
Let v(m) = m**3 - 3*m**2 - 6*m + 6. Let z be (-1 + 2)*3 - -1. Determine v(z).
-2
Let o(a) = a**3 + 7*a**2 + 5*a - 7. Let j be o(-6). Let s be ((-6)/(-4))/(j/2). Let l(h) = h - h**2 + 2*h**2 + 0*h**2. Calculate l(s).
6
Let h(g) = -5 + 0 - 2*g + 3. Let l(b) = b. Let a(p) = -h(p) - 4*l(p). Give a(3).
-4
Let t be (-2 - -8)/(0 - -2). Let m(o) be the third derivative of 3*o**2 + 1/6*o**4 + 0*o + 0 + 1/2*o**t. Determine m(-2).
-5
Let h(x) = -1 + 1 + x. Let q(l) = l**3 - 5*l**2 - 5*l - 2. Let p be q(6). Suppose g - p = -g. Calculate h(g).
2
Suppose 0 = 2*y - 2*f - 8, 0*y + 3*f - 12 = -3*y. Let q(z) = -z**3 + 5*z**2 - 5*z - 1. Calculate q(y).
-5
Suppose -5*w + 4*l + l = -20, w + 2 = -2*l. Suppose 0*s = -s - w. Let x(o) = -o - 1. Let k(n) = 4*n + 4. Let c(b) = -3*k(b) - 15*x(b). Calculate c(s).
-3
Let h(u) = 6*u**2 - 4 + 1 - 3 - 6*u - 4*u**2. What is h(5)?
14
Let o(f) = 7*f - 1. Let k be -3*2*(4 + -3). Let l = -4 - k. Suppose 3*r - 5*r + l = 0. Calculate o(r).
6
Let l(o) = -15*o**2 - 3748 + 3748. Calculate l(1).
-15
Let x be (1/2)/((-5)/(-360)). Suppose 5*a - 5*k = a + x, 0 = -4*a + k + 20. Let j be (4/(-6))/(a/(-6)). Let f(s) = 8*s**3 - s**2 + s. Give f(j).
8
Let w(i) be the second derivative of i**4/12 - i**3/3 + i**2 + 2*i. What is w(2)?
2
Let n(f) = -f**3 - 8*f**2 - f - 8. Let t(q) = q**2 + 20*q - 52. Let s be t(-22). Give n(s).
0
Let j(h) = h**3 + 6*h**2 - 11*h - 4. Let z be j(-7). Suppose -4 + z = 5*l. Suppose l = -4*s - 0. Let x(w) = -w**2 - w. What is x(s)?
0
Let r(n) = 7*n**2 - 2*n + 11. Let g(y) = -20*y**2 + 5*y - 32. Let t be -1 + ((-8)/1 - -3). Let l(o) = t*g(o) - 17*r(o). Determine l(-5).
10
Suppose 2*m + 3*m = 15. Let h(b) = -2*b - b + 0*b**3 + b**m + b**2 + 4*b. Suppose 4*n = 7*n. What is h(n)?
0
Let f(p) = -1. Let s(c) = c + 4. Let j(v) = 4*f(v) + s(v). Suppose 2*b - 4*q + 5 = -3, 5*b = 2*q + 20. Calculate j(b).
6
Let s(o) = -o**3 - 4*o**2 + 1. Suppose -f - f = 0. Let g be (-2 - f) + 1 + -2. Give s(g).
-8
Let c(g) = -2*g**2 - 1 - g**2 + 4*g**3 + 4*g**2 + 5*g - 4*g. What is c(1)?
5
Let z(c) = 9*c**2 + 5*c + 5. Let m(v) = -5*v**2 - 2*v - 3. Let f(n) = 7*m(n) + 4*z(n). Determine f(-4).
-9
Suppose 0 = 4*i + i, -5 = -5*c - 2*i. Let d be 1*(-4)/(-2 - 2). Let w(z) = -31*z**2 + 16*z**2 - d + 2*z + 6*z**2. Give w(c).
-8
Let k = 3 + -8. Let a(j) be the first derivative of -1/3*j**3 - 3 + 6*j - 2*j**2. Determine a(k).
1
Let y(x) be the first derivative of x**4/4 - 7*x**3/3 + 3*x**2 - 2*x - 62. Give y(6).
-2
Let t = 66 - 64. Let c(x) = -x**2 - 2*x + 2. Determine c(t).
-6
Suppose -51 = -4*u + 5. Suppose g + 4*m = 3 - 25, -3*g = -m + u. Let s(r) = r**2 + 4*r - 7. What is s(g)?
5
Let l(k) = -2775*k**2 + 0*k**3 + 3 - 6*k + 2770*k**2 + k**3. Determine l(6).
3
Let r(g) = 3*g**2 - 9*g. Let x(l) = -2*l**2 + 7*l - 2. Let z(s) = s - 1. Let o(b) = x(b) - 2*z(b). Let a(d) = -5*o(d) - 3*r(d). What is a(2)?
8
Let b(x) = -3*x**2 - 15*x - 4. Let r be b(-5). Let c(n) = -n + 6. Let i(f) = -2*f + 13. Let w(s) = -7*c(s) + 3*i(s). What is w(r)?
-7
Let o(n) = n - 8. Let v(x) = -x**2 + 10*x - 19. Let g be v(6). What is o(g)?
-3
Let p(v) = -v**2 - 3*v - 2. Let w = 17 + -12. Suppose -w*j + 6 + 9 = 0. Suppose -3*z + 4*y = -0*z + 28, 4*z = -j*y - 4. Give p(z).
-6
Suppose -u - 4*j - 13 = -0, 3*u - j - 13 = 0. Suppose -u*a = -3 - 0. Let d(b) = 0*b - a + 2 + 2*b. Determine d(2).
5
Let s(a) = a**2 - 4*a - 5. Suppose 0 = -3*f + 24 - 9. Calculate s(f).
0
Let y(j) be the third derivative of j**7/840 - j**6/180 + j**4/12 + j**3/3 - j**2. Let f(x) be the first derivative of y(x). Give f(2).
2
Let v(t) = t - 2. Let y = 19 - 15. Give v(y).
2
Let a(i) = -6*i. Let q = 7 - 10. Let n = q - -2. Give a(n).
6
Suppose 15*t = -15 + 45. Let u(p) = 5*p**2 - 3*p + 3. Let b(k) = -k**2. Let a(x) = -4*b(x) - u(x). Give a(t).
-1
Suppose -5*a - 11 = -36. Let n(x) = x**2 - 4*x - x + 0*x**2 - 2. Calculate n(a).
-2
Let j(f) be the second derivative of -f**4/12 + f**3/6 - f**2/2 - f. Suppose 4*z + 4 = 3*r - 3, 0 = -5*r - 2*z + 29. Suppose -r*u - 6 = -2*u. What is j(u)?
-7
Let j(d) = 2*d + 1. Suppose -3*t + t + 5*y - 11 = 0, 21 = 3*t + 5*y. Let k be j(t). Let f(r) be the first derivative of -r**3/3 + 5*r**2/2 - 3*r - 2. Give f(k).
-3
Let g be (-20)/(-8)*(1 - -1). Suppose 5*v - 2*c = 21, -v + 10 = g*c - 5. Let d(j) = -3*j - 6*j**2 + 4 + v*j**2 + 5*j. Give d(3).
1
Let x(r) = -1. Let c(v) = 4*v - 3. Let a(i) = c(i) - 6*x(i). Determine a(-2).
-5
Let k(w) = 2*w - 12. Let t be k(8). Let x = t + -4. Let z(b) = b**2 - b + 5. What is z(x)?
5
Let p be 24/10 - 6/(-10). Let i(u) = 2*u**p - u**2 - u**2 + 3 + 0*u**3 + 5*u**2 + 3*u. What is i(-2)?
-7
Let t = -17 - -9. Let d be -3*1*t/12. Let h(n) = -n**3 + 3*n**2 - 2*n + 3. What is h(d)?
3
Let k = 1 - -4. Let n(s) = -4*s + 2*s + 0*s + k. Let p be 1 + (3 - -4 - 3). Calculate n(p).
-5
Let u(j) = j - 13. Let w be 5/((-20)/16) - -6. Suppose r = -4*n + 24, -4*n + 16 = 4. Suppose 0 = -3*h + 3*b + r, h = w*h + 5*b - 16. What is u(h)?
-7
Let i(l) be the second derivative of l**5/120 - 3*l**4/8 - l**3/3 + 3*l. Let g(y) be